posite?
False
Is 591775853 a composite number?
False
Is 42192411 a prime number?
False
Is 86505359 a prime number?
False
Is 26291731 a prime number?
True
Is 4422865 a composite number?
True
Is 4299869 prime?
False
Is 10465214 a composite number?
True
Is 2119727 a prime number?
False
Is 123374302 composite?
True
Is 23280737 a composite number?
False
Is 3065483 a prime number?
True
Is 161544283 composite?
False
Is 735589 prime?
False
Is 4989163 a composite number?
True
Is 28321 a composite number?
True
Is 2676769 a prime number?
False
Is 2845631 prime?
True
Is 8111377 a prime number?
True
Is 124610777 a prime number?
True
Is 271004033 a composite number?
False
Is 279145 a composite number?
True
Is 151677007 composite?
False
Is 825816323 a prime number?
False
Is 47459 a prime number?
True
Is 496585 prime?
False
Is 2306597 prime?
True
Is 16616407 composite?
False
Is 186259 composite?
False
Is 1642787 prime?
True
Is 4130369 a composite number?
False
Is 836609 prime?
True
Is 6429607 a prime number?
False
Is 3979831 composite?
True
Is 427215917 a composite number?
False
Is 189708917 a prime number?
False
Is 9131659 composite?
False
Is 119542463 a prime number?
False
Is 653881291 a composite number?
True
Is 35168599 prime?
True
Is 52094269 composite?
True
Is 25811879 a prime number?
True
Is 14891255 a prime number?
False
Is 31103993 a prime number?
True
Is 143435071 a composite number?
True
Is 3769127 composite?
True
Is 61075571 prime?
True
Is 778651327 composite?
True
Is 2809045 prime?
False
Is 45442109 composite?
False
Is 4965371 a prime number?
True
Is 2601757 a composite number?
False
Is 2326349543 a prime number?
False
Is 104080259 a composite number?
True
Is 403153213 prime?
True
Is 107593345 a composite number?
True
Is 2225621 prime?
True
Is 4934023 a prime number?
True
Is 19087189 a prime number?
False
Is 35112851 composite?
True
Is 3615299 a prime number?
True
Is 601061 a composite number?
False
Is 7370827 a prime number?
True
Is 106248953 a prime number?
False
Is 1216541 a composite number?
True
Is 116627581 a composite number?
True
Is 5457913 prime?
False
Is 15588761 a prime number?
True
Is 1387291 composite?
True
Is 4939933 a composite number?
False
Is 64074638 a composite number?
True
Is 97977679 a composite number?
False
Is 14041 composite?
True
Is 12927659 a composite number?
True
Is 1484761 prime?
False
Is 1065397 a prime number?
False
Is 19410395 composite?
True
Is 76345657 prime?
False
Is 4922035 a composite number?
True
Is 702978229 composite?
True
Is 292777 prime?
True
Is 998329 composite?
False
Is 18960179 composite?
True
Is 746237 composite?
True
Is 248648651 composite?
False
Is 41442031 a composite number?
False
Is 25661611 composite?
False
Is 5505881 composite?
False
Is 16784843 composite?
True
Is 9236251 prime?
True
Is 28351247 a prime number?
True
Is 29648593 prime?
False
Is 198311 a composite number?
True
Is 52552607 a composite number?
False
Is 1113083 composite?
False
Is 17123339 a prime number?
False
Is 145507385 composite?
True
Is 838759 composite?
True
Is 628027 a prime number?
False
Is 358884511 prime?
True
Is 269998979 composite?
False
Is 290383 a composite number?
False
Is 1073009789 prime?
False
Is 506283283 composite?
True
Is 867091 a composite number?
False
Is 1573049 composite?
True
Is 5199713 composite?
False
Is 31440517 a prime number?
False
Is 8848263 prime?
False
Is 757507 a prime number?
True
Is 4494485 a prime number?
False
Is 1725463 a composite number?
False
Is 19027781 prime?
True
Is 6013949 a composite number?
False
Is 18752231 a composite number?
False
Is 5622697 a composite number?
True
Is 1827673 a prime number?
True
Is 4871 a prime number?
True
Is 20314277 composite?
False
Is 16867397 a prime number?
False
Is 9901634 composite?
True
Is 24431699 composite?
False
Is 3420337 a composite number?
False
Is 21535837 prime?
True
Is 2028337 prime?
False
Is 28616515 prime?
False
Is 7032947 a prime number?
True
Is 211975459 a prime number?
True
Is 12364591 a composite number?
False
Is 13508945 prime?
False
Is 11830873 composite?
False
Is 3296549 composite?
True
Is 277769021 composite?
True
Is 186840229 a composite number?
False
Is 6650909 a composite number?
False
Is 249911 prime?
True
Is 169830055 a composite number?
True
Is 43194449 composite?
False
Is 106767491 a composite number?
True
Is 75396485 a prime number?
False
Is 20001782 a prime number?
False
Is 86588297 prime?
True
Is 11345853 composite?
True
Is 51513745 prime?
False
Is 346523 a prime number?
False
Is 1189271 composite?
False
Is 3206537 a composite number?
False
Is 25502509 a composite number?
True
Is 7911697 a composite number?
True
Is 9125351 composite?
False
Is 3283247 a prime number?
False
Is 187447 composite?
True
Is 338713517 a prime number?
True
Is 336239 a prime number?
True
Is 4215577 a composite number?
False
Is 6860213 composite?
False
Is 111817961 prime?
False
Is 2660429 a composite number?
False
Is 370889 prime?
False
Is 36717713 prime?
True
Is 1318627 prime?
False
Is 4083451 a prime number?
False
Is 2348893 a prime number?
False
Is 134813 prime?
False
Is 4881223 a composite number?
False
Is 12380323 prime?
False
Is 42988793 composite?
False
Is 5780249 a prime number?
True
Is 47743273 a composite number?
False
Is 2705189 prime?
True
Is 226466183 composite?
False
Is 15201833 a prime number?
False
Is 1404187 a prime number?
False
Is 2565239 prime?
True
Is 2366099 prime?
True
Is 467733157 a composite number?
False
Is 29832779 composite?
False
Is 1947193 prime?
True
Is 5070749 a prime number?
False
Is 1226933 a prime number?
False
Is 57677587 composite?
True
Is 48795167 a composite number?
True
Is 404604151 a prime number?
False
Is 17969411 prime?
False
Is 210582061 composite?
False
Is 152345147 prime?
True
Is 6278099 a composite number?
False
Is 125787473 a composite number?
True
Is 6441455 a prime number?
False
Is 8236499 prime?
True
Is 3211681 a composite number?
True
Is 563021527 a prime number?
True
Is 5603687 a prime number?
False
Is 61381659 a prime number?
False
Is 18013949 a prime number?
False
Is 2706289 composite?
True
Is 521416303 prime?
True
Is 16294889 a prime number?
False
Is 4584257 prime?
False
Is 40939939 a composite number?
True
Is 1158653 prime?
True
Is 5451419 composite?
True
Is 7764599 a prime number?
True
Is 20491699 prime?
True
Is 1675017043 a composite number?
True
Is 38022487 composite?
False
Is 43610323 a composite number?
True
Is 2656141 a composite number?
False
Is 557142233 composite?
False
Is 1578469 a composite number?
False
Is 942301 composite?
False
Is 1387373 a composite number?
True
Is 46497041 prime?
True
Is 11447381 a prime number?
False
Is 191436773 prime?
False
Is 80735609 prime?
True
Is 38824017 prime?
False
Is 19000253 prime?
True
Is 416209 a prime number?
False
Is 2851727 composite?
False
Is 57091519 a composite number?
True
Is 18893722 composite?
True
Is 5535667 a prime number?
False
Is 66885487 composite?
False
Is 12349933 a composite number?
False
Is 36344813 a composite number?
False
Is 232609297 a composite number?
False
Is 7298971 a composite number?
False
Is 6711623 prime?
False
Is 88896517 a composite number?
False
Is 476005601 composite?
False
Is 1427017 a composite number?
False
Is 11309127 a composite number?
True
Is 18775817 prime?
True
Is 36299551 prime?
True
Is 27561739 prime?
True
Is 92721773 prime?
True
Is 2377153 prime?
False
Is 1138861 a composite number?
True
Is 3777647 a prime number?
False
Is 6492457 a prime number?
False
Is 1858529 a composite number?
False
Is 409871303 prime?
True
Is 281321 a prime number?
True
Is 8210887 prime?
True
Is 6252557 composite?
False
Is 43269143 a composite number?
False
Is 184653181 a composite number?
True
Is 4483383 a composite number?
True
Is 89648431 composite?
True
Is 23364947 composite?
False
Is 7302619 a prime number?
True
Is 143156162 a composite number?
True
Is 4812901 prime?
False
Is 5362411 composite?
True
Is 2704957 composite?
False
Is 20814023 a prime number?
True
Is 159209863 a prime number?
False
Is 38681627 a prime number?
True
Is 30953653 a composite number?
True
Is 453884429 a composite number?
False
Is 78789779 a composite number?
True
Is 2170697 a prime number?
True
Is 699331 prime?
False
Is 452209271 prime?
False
Is 66